{"id":5781,"date":"2020-06-26T22:21:57","date_gmt":"2020-06-26T21:21:57","guid":{"rendered":"https:\/\/www.caffrenchwing.fr\/wp-content\/uploads\/2020\/06\/Marcel-Albert-H\u00e9ros-de-lUnion-sovi\u00e9tique-le-20-juin-1945-au-Bourget-2.jpg"},"modified":"2020-06-26T22:31:21","modified_gmt":"2020-06-26T21:31:21","slug":"marcel-albert-heros-de-lunion-sovietique-le-20-juin-1945-au-bourget-2-2","status":"inherit","type":"attachment","link":"https:\/\/www.caffrenchwing.fr\/en\/2020\/06\/26\/le-20-juin-1945-normandie-niemen-retrouve-la-france-et-entre-dans-la-legende\/marcel-albert-heros-de-lunion-sovietique-le-20-juin-1945-au-bourget-2-2\/","title":{"rendered":"Marcel Albert ''H\u00e9ros de l'Union sovi\u00e9tique'' le 20 juin 1945, au Bourget"},"author":7,"featured_media":0,"comment_status":"open","ping_status":"closed","template":"","meta":[],"class_list":["post-5781","attachment","type-attachment","status-inherit","hentry"],"smush":{"stats":{"percent":11.348989982570389,"bytes":117269,"size_before":1033299,"size_after":916030,"time":0.47000000000000003,"api_version":"1.0","lossy":false,"keep_exif":0},"sizes":{"medium":{"percent":17.46,"bytes":6813,"size_before":16177,"size_after":13353,"time":0.01},"large":{"percent":4.3,"bytes":14917,"size_before":130461,"size_after":124854,"time":0.06},"thumbnail":{"percent":50.81,"bytes":6255,"size_before":9982,"size_after":4910,"time":0.03},"medium_large":{"percent":4.31,"bytes":14473,"size_before":123321,"size_after":118005,"time":0.07},"full":{"percent":10.41,"bytes":45786,"size_before":439859,"size_after":394073,"time":0.09},"blog-thumb":{"percent":12.61,"bytes":8132,"size_before":64465,"size_after":56333,"time":0.03},"blog-slider":{"percent":14.52,"bytes":8144,"size_before":56096,"size_after":47952,"time":0.03},"portfolio-wide":{"percent":18.45,"bytes":7405,"size_before":40144,"size_after":32739,"time":0.04},"portfolio-square":{"percent":20.95,"bytes":7116,"size_before":33966,"size_after":26850,"time":0.02},"team":{"percent":29.58,"bytes":6724,"size_before":22729,"size_after":16005,"time":0.03},"team-square":{"percent":19.63,"bytes":7158,"size_before":36466,"size_after":29308,"time":0.04},"post-thumbnail":{"percent":13.39,"bytes":7985,"size_before":59633,"size_after":51648,"time":0.02}}},"jetpack_shortlink":"https:\/\/wp.me\/a2NZ1W-1vf","jetpack_sharing_enabled":true,"description":{"rendered":"<p class=\"attachment\"><a href='https:\/\/www.caffrenchwing.fr\/wp-content\/uploads\/2020\/06\/Marcel-Albert-H\u00e9ros-de-lUnion-sovi\u00e9tique-le-20-juin-1945-au-Bourget-2.jpg'><img loading=\"lazy\" decoding=\"async\" width=\"231\" height=\"300\" src=\"https:\/\/www.caffrenchwing.fr\/wp-content\/uploads\/2020\/06\/Marcel-Albert-H\u00e9ros-de-lUnion-sovi\u00e9tique-le-20-juin-1945-au-Bourget-2-231x300.jpg\" class=\"attachment-medium size-medium\" alt=\"\" srcset=\"https:\/\/www.caffrenchwing.fr\/wp-content\/uploads\/2020\/06\/Marcel-Albert-H\u00e9ros-de-lUnion-sovi\u00e9tique-le-20-juin-1945-au-Bourget-2-231x300.jpg 231w, https:\/\/www.caffrenchwing.fr\/wp-content\/uploads\/2020\/06\/Marcel-Albert-H\u00e9ros-de-lUnion-sovi\u00e9tique-le-20-juin-1945-au-Bourget-2-790x1024.jpg 790w, https:\/\/www.caffrenchwing.fr\/wp-content\/uploads\/2020\/06\/Marcel-Albert-H\u00e9ros-de-lUnion-sovi\u00e9tique-le-20-juin-1945-au-Bourget-2-116x150.jpg 116w, https:\/\/www.caffrenchwing.fr\/wp-content\/uploads\/2020\/06\/Marcel-Albert-H\u00e9ros-de-lUnion-sovi\u00e9tique-le-20-juin-1945-au-Bourget-2-768x996.jpg 768w, https:\/\/www.caffrenchwing.fr\/wp-content\/uploads\/2020\/06\/Marcel-Albert-H\u00e9ros-de-lUnion-sovi\u00e9tique-le-20-juin-1945-au-Bourget-2.jpg 1157w\" sizes=\"auto, (max-width: 231px) 100vw, 231px\" \/><\/a><\/p>\n"},"caption":{"rendered":"<p>Marcel Albert ''H\u00e9ros de l'Union sovi\u00e9tique'' le 20 juin 1945, au Bourget<\/p>\n"},"alt_text":"","media_type":"image","mime_type":"image\/jpeg","media_details":{"width":1157,"height":1500,"file":"2020\/06\/Marcel-Albert-H\u00e9ros-de-lUnion-sovi\u00e9tique-le-20-juin-1945-au-Bourget-2.jpg","sizes":{"medium":{"file":"Marcel-Albert-H\u00e9ros-de-lUnion-sovi\u00e9tique-le-20-juin-1945-au-Bourget-2-231x300.jpg","width":231,"height":300,"mime_type":"image\/jpeg","source_url":"https:\/\/www.caffrenchwing.fr\/wp-content\/uploads\/2020\/06\/Marcel-Albert-H\u00e9ros-de-lUnion-sovi\u00e9tique-le-20-juin-1945-au-Bourget-2-231x300.jpg"},"large":{"file":"Marcel-Albert-H\u00e9ros-de-lUnion-sovi\u00e9tique-le-20-juin-1945-au-Bourget-2-790x1024.jpg","width":790,"height":1024,"mime_type":"image\/jpeg","source_url":"https:\/\/www.caffrenchwing.fr\/wp-content\/uploads\/2020\/06\/Marcel-Albert-H\u00e9ros-de-lUnion-sovi\u00e9tique-le-20-juin-1945-au-Bourget-2-790x1024.jpg"},"thumbnail":{"file":"Marcel-Albert-H\u00e9ros-de-lUnion-sovi\u00e9tique-le-20-juin-1945-au-Bourget-2-116x150.jpg","width":116,"height":150,"mime_type":"image\/jpeg","source_url":"https:\/\/www.caffrenchwing.fr\/wp-content\/uploads\/2020\/06\/Marcel-Albert-H\u00e9ros-de-lUnion-sovi\u00e9tique-le-20-juin-1945-au-Bourget-2-116x150.jpg"},"medium_large":{"file":"Marcel-Albert-H\u00e9ros-de-lUnion-sovi\u00e9tique-le-20-juin-1945-au-Bourget-2-768x996.jpg","width":768,"height":996,"mime_type":"image\/jpeg","source_url":"https:\/\/www.caffrenchwing.fr\/wp-content\/uploads\/2020\/06\/Marcel-Albert-H\u00e9ros-de-lUnion-sovi\u00e9tique-le-20-juin-1945-au-Bourget-2-768x996.jpg"},"full":{"file":"Marcel-Albert-H\u00e9ros-de-lUnion-sovi\u00e9tique-le-20-juin-1945-au-Bourget-2.jpg","width":1157,"height":1500,"mime_type":"image\/jpeg","source_url":"https:\/\/www.caffrenchwing.fr\/wp-content\/uploads\/2020\/06\/Marcel-Albert-H\u00e9ros-de-lUnion-sovi\u00e9tique-le-20-juin-1945-au-Bourget-2.jpg"}},"image_meta":{"aperture":"0","credit":"","camera":"","caption":"","created_timestamp":"0","copyright":"","focal_length":"0","iso":"0","shutter_speed":"0","title":"","orientation":"0","keywords":[]}},"post":5802,"source_url":"https:\/\/www.caffrenchwing.fr\/wp-content\/uploads\/2020\/06\/Marcel-Albert-H\u00e9ros-de-lUnion-sovi\u00e9tique-le-20-juin-1945-au-Bourget-2.jpg","_links":{"self":[{"href":"https:\/\/www.caffrenchwing.fr\/en\/wp-json\/wp\/v2\/media\/5781","targetHints":{"allow":["GET"]}}],"collection":[{"href":"https:\/\/www.caffrenchwing.fr\/en\/wp-json\/wp\/v2\/media"}],"about":[{"href":"https:\/\/www.caffrenchwing.fr\/en\/wp-json\/wp\/v2\/types\/attachment"}],"author":[{"embeddable":true,"href":"https:\/\/www.caffrenchwing.fr\/en\/wp-json\/wp\/v2\/users\/7"}],"replies":[{"embeddable":true,"href":"https:\/\/www.caffrenchwing.fr\/en\/wp-json\/wp\/v2\/comments?post=5781"}],"wp:attached-to":[{"embeddable":true,"post_type":"post","id":5802,"href":"https:\/\/www.caffrenchwing.fr\/en\/wp-json\/wp\/v2\/posts\/5802"}],"curies":[{"name":"wp","href":"https:\/\/api.w.org\/{rel}","templated":true}]}}

https://www.caffrenchwing.fr/wp-content/uploads/2020/06/Marcel-Albert-Héros-de-lUnion-soviétique-le-20-juin-1945-au-Bourget-2.jpg

Marcel Albert ''Héros de l'Union soviétique'' le 20 juin 1945, au Bourget

<p class="attachment"><a href='https://www.caffrenchwing.fr/wp-content/uploads/2020/06/Marcel-Albert-Héros-de-lUnion-soviétique-le-20-juin-1945-au-Bourget-2.jpg'><img loading="lazy" decoding="async" width="231" height="300" src="https://www.caffrenchwing.fr/wp-content/uploads/2020/06/Marcel-Albert-Héros-de-lUnion-soviétique-le-20-juin-1945-au-Bourget-2-231x300.jpg" class="attachment-medium size-medium" alt="" srcset="https://www.caffrenchwing.fr/wp-content/uploads/2020/06/Marcel-Albert-Héros-de-lUnion-soviétique-le-20-juin-1945-au-Bourget-2-231x300.jpg 231w, https://www.caffrenchwing.fr/wp-content/uploads/2020/06/Marcel-Albert-Héros-de-lUnion-soviétique-le-20-juin-1945-au-Bourget-2-790x1024.jpg 790w, https://www.caffrenchwing.fr/wp-content/uploads/2020/06/Marcel-Albert-Héros-de-lUnion-soviétique-le-20-juin-1945-au-Bourget-2-116x150.jpg 116w, https://www.caffrenchwing.fr/wp-content/uploads/2020/06/Marcel-Albert-Héros-de-lUnion-soviétique-le-20-juin-1945-au-Bourget-2-768x996.jpg 768w, https://www.caffrenchwing.fr/wp-content/uploads/2020/06/Marcel-Albert-Héros-de-lUnion-soviétique-le-20-juin-1945-au-Bourget-2.jpg 1157w" sizes="auto, (max-width: 231px) 100vw, 231px" /></a></p>

<p>Marcel Albert ''Héros de l'Union soviétique'' le 20 juin 1945, au Bourget</p>

2020/06/Marcel-Albert-Héros-de-lUnion-soviétique-le-20-juin-1945-au-Bourget-2.jpg

Marcel-Albert-Héros-de-lUnion-soviétique-le-20-juin-1945-au-Bourget-2-231x300.jpg

https://www.caffrenchwing.fr/wp-content/uploads/2020/06/Marcel-Albert-Héros-de-lUnion-soviétique-le-20-juin-1945-au-Bourget-2-231x300.jpg

Marcel-Albert-Héros-de-lUnion-soviétique-le-20-juin-1945-au-Bourget-2-790x1024.jpg

https://www.caffrenchwing.fr/wp-content/uploads/2020/06/Marcel-Albert-Héros-de-lUnion-soviétique-le-20-juin-1945-au-Bourget-2-790x1024.jpg

Marcel-Albert-Héros-de-lUnion-soviétique-le-20-juin-1945-au-Bourget-2-116x150.jpg

https://www.caffrenchwing.fr/wp-content/uploads/2020/06/Marcel-Albert-Héros-de-lUnion-soviétique-le-20-juin-1945-au-Bourget-2-116x150.jpg

Marcel-Albert-Héros-de-lUnion-soviétique-le-20-juin-1945-au-Bourget-2-768x996.jpg

https://www.caffrenchwing.fr/wp-content/uploads/2020/06/Marcel-Albert-Héros-de-lUnion-soviétique-le-20-juin-1945-au-Bourget-2-768x996.jpg

Marcel-Albert-Héros-de-lUnion-soviétique-le-20-juin-1945-au-Bourget-2.jpg
